{"id":625,"date":"2024-03-05T11:36:04","date_gmt":"2024-03-05T11:36:04","guid":{"rendered":"https:\/\/residenciaulldecona.cat\/?page_id=625"},"modified":"2024-04-15T09:04:27","modified_gmt":"2024-04-15T09:04:27","slug":"activitats","status":"publish","type":"page","link":"https:\/\/residenciaulldecona.cat\/index.php\/activitats\/","title":{"rendered":"Activitats"},"content":{"rendered":"<p><section class=\"kc-elm kc-css-119683 kc_row\"><div class=\"kc-row-container  kc-container\"><div class=\"kc-wrap-columns\"><div class=\"kc-elm kc-css-236168 kc_col-sm-12 kc_column kc_col-sm-12\"><div class=\"kc-col-container\"><div class=\"kc-elm kc-css-684632\" style=\"height: 20px; clear: both; width:100%;\"><\/div><\/div><\/div><\/div><\/div><\/section><section class=\"kc-elm kc-css-844381 kc_row\"><div class=\"kc-row-container  kc-container\"><div class=\"kc-wrap-columns\"><div class=\"kc-elm kc-css-158842 kc_col-sm-12 kc_column kc_col-sm-12\"><div class=\"kc-col-container\"><div class=\"kc-elm kc-css-621075 kc_accordion_wrapper\">\n<div class=\"kc-elm kc-css-695645 kc_accordion_section group \"><h3 class=\"kc_accordion_header ui-accordion-header\"><span class=\"ui-accordion-header-icon ui-icon\"><\/span><a href=\"#activitats-residencia\" data-prevent=\"scroll\"><i class=\"flaticon-yoga\"><\/i>  ACTIVITATS RESIDENCIA <\/a><\/h3><div class=\"kc_accordion_content ui-accordion-content kc_clearfix\"><div class=\"kc-panel-body\"><div class=\"kc-elm kc-css-626144 kc_text_block\"><\/p>\n<p>&#8211; Jocs de llan\u00e7ament (pilotes, anelles i bolos)<\/p>\n<p>&#8211; Taller de manipulaci\u00f3 (manipular materials amb llum negra)<\/p>\n<p>&#8211; Taller sensorial (indentificaci\u00f3 de sabors, olors, sons i objectes)<\/p>\n<p>&#8211; Taller de mem\u00f2ria (refranys, endevinalles, passaparaula, fer llistat d&#8217;objectes*)<\/p>\n<p>&#8211; Taller de m\u00fasica (escola de m\u00fasica o altaveu)<\/p>\n<p>&#8211; Projecci\u00f3 de v\u00eddeos relaxants (fons mar\u00ed, safari, cromoter\u00e0pia, etc.)<\/p>\n<p>&#8211; Taller de lectura (not\u00edcies o relats curts)<\/p>\n<p>&#8211; Taller sensorial 2 (massatges a la part inferior del cos)<\/p>\n<p>&#8211; Taller de pintura (Pintar dibuixos o mandales)<\/p>\n<p>&#8211; Taller religi\u00f3s (mirar la missa mentre es fan les ungles, depilacions, etc.)<\/p>\n<p>&#8211; Taller propiocepci\u00f3 (massatges preguntant les parts del cos per les que es passa)<\/p>\n<p>&#8211; Taller d&#8217;AVD (pelar fruita, plegar roba, cosir, brodar, etc)<\/p>\n<p>&#8211; Taller de llenguatge (passaparaula, paraules encadenades, fer llistat d&#8217;objectes*, etc)<\/p>\n<p>&#8211; Taller d&#8217;orientaci\u00f3 (lectura i conversa sobre not\u00edcies d&#8217;actualitat)<\/p>\n<p>&#8211; Jocs de taula (bingo, domin\u00f3, parx\u00eds)<\/p>\n<p>&#8211; Cinema o ball<\/p>\n<p>*Exemple: llista de coses que posem a la maleta per anar a la platja, llista d\u2019ingredients per fer una truita de patates, etc.<\/p>\n<p><a href=\"https:\/\/residenciaulldecona.cat\/wp-content\/uploads\/2024\/04\/1A.jpg\">CONSULTA L&#8217;HORARI SETMANAL 1A PLANTA<\/a><\/p>\n<p><a href=\"https:\/\/residenciaulldecona.cat\/wp-content\/uploads\/2024\/04\/2A.jpg\">CONSULTA L&#8217;HORARI SETMANAL 2A PLANTA<\/a><\/p>\n<p>\n<\/div><\/div><\/div><\/div><div class=\"kc-elm kc-css-930653 kc_accordion_section group \"><h3 class=\"kc_accordion_header ui-accordion-header\"><span class=\"ui-accordion-header-icon ui-icon\"><\/span><a href=\"#activitats-centre-de-dia\" data-prevent=\"scroll\"><i class=\"flaticon-walk\"><\/i>  ACTIVITATS CENTRE DE DIA <\/a><\/h3><div class=\"kc_accordion_content ui-accordion-content kc_clearfix\"><div class=\"kc-panel-body\"><div class=\"kc-elm kc-css-936208 kc_text_block\"><\/p>\n<p>&#8211; Taller sensorial (identificaci\u00f3 de sabors, olors, sons i\u00a0 objectes)<\/p>\n<p>&#8211; Jocs de mobilitat (llan\u00e7ament d&#8217;anelles, pilotes, bitlles, petanca, ping-pong, etc.)<\/p>\n<p>&#8211; Taller de mem\u00f2ria (refranys, endevinalles, passaparaula, fer llistat d&#8217;objectes*)<\/p>\n<p>&#8211; Jocs de taula (bingo, domin\u00f3, parx\u00eds, i puzles)<\/p>\n<p>&#8211; Taller de llenguatge (passaparaula, paraules encadenades, categories segons indicacions** i fer llistat d&#8217;objectes*)<\/p>\n<p>&#8211; Taller propiocepci\u00f3 (Realitzar massatges amb diferents elements i que els usuaris identifiquin les parts per on es passa)<\/p>\n<p>&#8211; Cinema o ball<\/p>\n<p>*Exemple: llista de coses que posem a la maleta per anar a la platja, llista d\u2019ingredients per fer una truita de patates, etc.<\/p>\n<p>**Exemple: anomenar paraules que comencen per la A, paraules d\u2019objectes de color groc, anomenar begudes, categories (roba, animals,<br \/>\nmitjans de transport, etc.)<\/p>\n<p><a href=\"https:\/\/residenciaulldecona.cat\/wp-content\/uploads\/2024\/04\/CD.jpg\">CONSULTA L&#8217;HORARI SETMANAL DEL CENTRE DE DIA<\/a><\/p>\n<p>\n<\/div><\/div><\/div><\/div><\/div>\n<\/div><\/div><\/div><\/div><\/section><section class=\"kc-elm kc-css-431751 kc_row\"><div class=\"kc-row-container  kc-container\"><div class=\"kc-wrap-columns\"><div class=\"kc-elm kc-css-861852 kc_col-sm-12 kc_column kc_col-sm-12\"><div class=\"kc-col-container\"><div class=\"kc-elm kc-css-830838\">\n\t<div class=\"kc-carousel_images kc-elm kc-css-830838\">\n\t\n\t\t<div class=\"kc-carousel-images owl-carousel-images kc-sync1 \" data-owl-i-options='{\"items\":\"3\",\"tablet\":\"2\",\"mobile\":\"1\",\"speed\":\"500\",\"navigation\":\"\",\"pagination\":\"yes\",\"autoheight\":\"\",\"progressbar\":\"\",\"delay\":\"5\",\"autoplay\":\"yes\",\"showthumb\":\"\",\"num_thumb\":\"5\"}'>\n\t\n\t\t\t\t\t<div class=\"item\">\n\t\n\t\t\t<a class=\"kc-image-link kc-pretty-photo\" data-lightbox=\"kc-lightbox\" rel=\"prettyPhoto[830838]\" href=\"https:\/\/residenciaulldecona.cat\/wp-content\/uploads\/2024\/04\/foto-scaled.jpg\"><img decoding=\"async\" src=\"https:\/\/residenciaulldecona.cat\/wp-content\/uploads\/2024\/04\/foto-scaled.jpg\" alt=\"\" \/><\/a>\t\n\t\t\t<\/div>\n\t\n\t\t\t\t\t<div class=\"item\">\n\t\n\t\t\t<a class=\"kc-image-link kc-pretty-photo\" data-lightbox=\"kc-lightbox\" rel=\"prettyPhoto[830838]\" href=\"https:\/\/residenciaulldecona.cat\/wp-content\/uploads\/2024\/04\/IMG_8582-scaled.jpg\"><img decoding=\"async\" src=\"https:\/\/residenciaulldecona.cat\/wp-content\/uploads\/2024\/04\/IMG_8582-scaled.jpg\" alt=\"\" \/><\/a>\t\n\t\t\t<\/div>\n\t\n\t\t\t\t\t<div class=\"item\">\n\t\n\t\t\t<a class=\"kc-image-link kc-pretty-photo\" data-lightbox=\"kc-lightbox\" rel=\"prettyPhoto[830838]\" href=\"https:\/\/residenciaulldecona.cat\/wp-content\/uploads\/2024\/04\/IMG_8671-scaled.jpg\"><img decoding=\"async\" src=\"https:\/\/residenciaulldecona.cat\/wp-content\/uploads\/2024\/04\/IMG_8671-scaled.jpg\" alt=\"\" \/><\/a>\t\n\t\t\t<\/div>\n\t\n\t\t\t\t\t<div class=\"item\">\n\t\n\t\t\t<a class=\"kc-image-link kc-pretty-photo\" data-lightbox=\"kc-lightbox\" rel=\"prettyPhoto[830838]\" href=\"https:\/\/residenciaulldecona.cat\/wp-content\/uploads\/2024\/04\/IMG_8794-scaled.jpg\"><img decoding=\"async\" src=\"https:\/\/residenciaulldecona.cat\/wp-content\/uploads\/2024\/04\/IMG_8794-scaled.jpg\" alt=\"\" \/><\/a>\t\n\t\t\t<\/div>\n\t\n\t\t\t\t\t<div class=\"item\">\n\t\n\t\t\t<a class=\"kc-image-link kc-pretty-photo\" data-lightbox=\"kc-lightbox\" rel=\"prettyPhoto[830838]\" href=\"https:\/\/residenciaulldecona.cat\/wp-content\/uploads\/2024\/04\/IMG_8780-scaled.jpg\"><img decoding=\"async\" src=\"https:\/\/residenciaulldecona.cat\/wp-content\/uploads\/2024\/04\/IMG_8780-scaled.jpg\" alt=\"\" \/><\/a>\t\n\t\t\t<\/div>\n\t\n\t\t\t\t\t<div class=\"item\">\n\t\n\t\t\t<a class=\"kc-image-link kc-pretty-photo\" data-lightbox=\"kc-lightbox\" rel=\"prettyPhoto[830838]\" href=\"https:\/\/residenciaulldecona.cat\/wp-content\/uploads\/2024\/04\/LA-DEL-PEL-BLANC-scaled.jpg\"><img decoding=\"async\" src=\"https:\/\/residenciaulldecona.cat\/wp-content\/uploads\/2024\/04\/LA-DEL-PEL-BLANC-scaled.jpg\" alt=\"\" \/><\/a>\t\n\t\t\t<\/div>\n\t\n\t\t\t\n\t\t<\/div>\n\t\n\t\t\t<\/div>\n<\/div>\n<\/div><\/div><\/div><\/div><\/section><\/p>\n","protected":false},"excerpt":{"rendered":"","protected":false},"author":1,"featured_media":0,"parent":0,"menu_order":0,"comment_status":"closed","ping_status":"closed","template":"tpl-king-composer.php","meta":{"footnotes":""},"class_list":["post-625","page","type-page","status-publish","hentry"],"_links":{"self":[{"href":"https:\/\/residenciaulldecona.cat\/index.php\/wp-json\/wp\/v2\/pages\/625","targetHints":{"allow":["GET"]}}],"collection":[{"href":"https:\/\/residenciaulldecona.cat\/index.php\/wp-json\/wp\/v2\/pages"}],"about":[{"href":"https:\/\/residenciaulldecona.cat\/index.php\/wp-json\/wp\/v2\/types\/page"}],"author":[{"embeddable":true,"href":"https:\/\/residenciaulldecona.cat\/index.php\/wp-json\/wp\/v2\/users\/1"}],"replies":[{"embeddable":true,"href":"https:\/\/residenciaulldecona.cat\/index.php\/wp-json\/wp\/v2\/comments?post=625"}],"version-history":[{"count":17,"href":"https:\/\/residenciaulldecona.cat\/index.php\/wp-json\/wp\/v2\/pages\/625\/revisions"}],"predecessor-version":[{"id":912,"href":"https:\/\/residenciaulldecona.cat\/index.php\/wp-json\/wp\/v2\/pages\/625\/revisions\/912"}],"wp:attachment":[{"href":"https:\/\/residenciaulldecona.cat\/index.php\/wp-json\/wp\/v2\/media?parent=625"}],"curies":[{"name":"wp","href":"https:\/\/api.w.org\/{rel}","templated":true}]}}